- 2*k + 141. Suppose x*b - 24*b + 285 = 0. What is the units digit of (-11666)/b + (-8)/10?
2
Suppose 79*a - 83*a = 472. Let g = a - -575. What is the tens digit of g?
5
Suppose -3*c - 133 = -4*d, -5*d - 4*c + 5 + 138 = 0. Suppose 4*i = -3*a + 3619, -d*a = -5*i - 26*a + 4550. What is the units digit of i?
7
Let p = -12509 + 21583. What is the tens digit of p?
7
Suppose -2*j + 22 = -0*j. Suppose -12 = -j*z + 8*z. Suppose 5*o - z = -l, 4*l - 9 = 4*o + 7. What is the units digit of l?
4
Let i(f) = 14*f**3 - f**2 + 61. Let a be i(5). Let h = a + -1221. What is the units digit of h?
5
Let n be 4*(35/(-20) + 3). Suppose -10*j = -n*j - 5*b - 1575, 0 = j - 5*b - 303. What is the hundreds digit of j?
3
What is the thousands digit of 15 + ((-418248)/2)/(-18)?
1
Let x be 5/(-5) + (-4)/(5 - 3). What is the tens digit of (-134 - 1)*(x + -3)?
1
Let a be (4 + (-14)/3)*-3. What is the hundreds digit of (a/14)/(2/13258)?
9
Let y(v) = 2*v**2 - 6*v + 5. Let m be y(3). Let j be (-50)/(-15)*6/m. What is the tens digit of 560/7*2/j?
4
What is the units digit of -2*3 + ((-27)/(-6))/((-18)/(-6792))?
2
Suppose 4*j + 4*h + 800 - 4 = 0, -h = 2*j + 402. Let f = j + 689. What is the hundreds digit of f?
4
Let z = 369 - 8328. What is the units digit of 36/44 - 1 - z/33?
1
Suppose -3*d - 6 = 0, -5*f - 5*d = -d - 24432. What is the tens digit of f?
8
Let j(v) = 9*v**2 - 39 + 10*v - 41 - 8 + 10. What is the units digit of j(6)?
6
Suppose 86 = 4*b - 2*r, 0 = 3*b - r + 4*r - 60. What is the tens digit of 2/(-7) + 14097/b?
7
Suppose -23*l + 9*l = -5*l - 363627. What is the tens digit of l?
0
Suppose 0 = 32*l - 30*l - 4. Suppose -2*m - l*h = -4*m + 932, 2*m - 923 = -h. What is the units digit of m?
3
Suppose -67522 - 62492 = -5*b + 2*k, -4*b = -2*k - 104012. What is the thousands digit of b?
6
Let q(g) = -1401*g**3 - 4*g**2 - 2*g - 2. What is the ten thousands digit of q(-2)?
1
Suppose 19*a + 8 = 20*a - 3*x, 5*a - 3*x - 52 = 0. Let j(u) = 7*u**2 - u - 20. What is the tens digit of j(a)?
1
Let t(w) = w**3 + 53*w**2 + 333*w - 114. What is the thousands digit of t(-29)?
0
Let m = -29867 - -57275. What is the thousands digit of m?
7
Suppose 4081 = 10*t - 4029. Let w = -507 + t. What is the tens digit of w?
0
Suppose -7 = -5*z + 18. Suppose -z*k + 3*k + 5*p - 9 = 0, -9 = k - 4*p. Suppose l + k*w = 128, 0*w = -4*l - w + 523. What is the tens digit of l?
3
Let q(l) = -691*l + 51. What is the tens digit of q(-37)?
1
Let w be 1/(-2) - 21/(-42). Suppose u + 421 = 5*y, w*y - 335 = -4*y - u. Let o = y + -26. What is the units digit of o?
8
Let a = 143 + -87. Let o = a + -59. What is the tens digit of 750/(-20)*2/o?
2
Suppose 171124 = 44*t + 49104 - 373992. What is the tens digit of t?
7
Let l(m) be the first derivative of m**4/4 - m**3/3 - m**2 + 24*m - 15. Let b be l(0). Let r = -4 + b. What is the units digit of r?
0
Let i = -126 - 172. Let l = 550 + i. What is the hundreds digit of l?
2
Let z be (-311)/6 + ((-35)/30 - -1). Let f be ((-26)/z)/(-1 + 14/12). Suppose 3 = f*m - 0. What is the units digit of m?
1
What is the units digit of (0/3 + -13788 + 14)*(-21)/6?
9
Let n be (-32)/24 - 440/(-6). Let y be 42/8 + (-18)/n. Suppose -k - 109 = -2*z - 4*k, -z + y*k + 87 = 0. What is the tens digit of z?
6
Let j(b) = b**3 - 10*b**2 + 13*b - 124. Let q be j(10). Let r(u) = -3*u + 0*u**2 + 7*u**2 + 4 - u**3 + 3*u**2. What is the units digit of r(q)?
0
Suppose -9 = 5*k - 49. Suppose 5*q - 64 = -m, 0 = 3*m + 3*q - k*q - 252. Suppose 8*z + m = 9*z. What is the tens digit of z?
7
Suppose -46*g + 146449 = 16249 + 18604. What is the thousands digit of g?
2
Let w be ((-1)/(-2))/((-2)/(-2044)). Let x = w - 125. What is the hundreds digit of x?
3
Suppose 0 = -u - b + 14 + 44, 5*u - 266 = b. Suppose 202 = 55*d - u*d. What is the units digit of d?
2
Suppose -42*h + 5372 = -28438. Suppose 2*g - 26*q + 21*q - 1625 = 0, h = g - q. What is the units digit of g?
0
Let m(a) = 97*a - 36. Suppose 27 = 3*d + 4*k, -2*d = -5*k + 7*k - 20. What is the thousands digit of m(d)?
1
Let u = -36744 - -62855. What is the tens digit of u?
1
Suppose -2*o + 15 = 3*o. Suppose 3*x - 36 = -t, -o*t = -3*x - 0*x - 108. Suppose -4*v = 5*z - 87, -4*v - t = -2*z - 6*v. What is the tens digit of z?
1
Let x(b) = 6*b - 1. Let w(v) = -73*v + 8. Let a(q) = w(q) + 6*x(q). Suppose -20 = 4*u - 2*m, -2*m - m = -4*u - 22. What is the hundreds digit of a(u)?
1
Suppose -622*q + 665850 = -599*q. What is the hundreds digit of q?
9
Let z = 8 + 4. Suppose -2*q + 87 + 95 = 0. Let d = q - z. What is the tens digit of d?
7
What is the units digit of (-18120)/(-27) - 64/(-72)?
2
Let j = 93 - 91. Let r(y) = 200*y + 77. What is the hundreds digit of r(j)?
4
Suppose -23*b - 32 = -55. What is the units digit of 2/1*b - 6040/(-4)?
2
What is the hundreds digit of (-117990)/(-75) - 1/5?
5
Let w be ((1 + 0)/2)/((-22)/(-88)). Suppose w*y - 1770 = -4*r, 2*r + 3*y = 4*r - 889. What is the hundreds digit of r?
4
Let z(h) be the first derivative of -h**3/3 - h**2 + 17*h - 11. Let g be z(-5). Let k = g + 46. What is the tens digit of k?
4
What is the hundreds digit of 110112/10 + 3*58/(-145)?
0
Let o(g) be the first derivative of 7/2*g**2 - 20*g + 5. What is the units digit of o(10)?
0
Let y(o) = -25*o + o**2 + 16*o - 24*o + 2*o**2 - 75. What is the tens digit of y(19)?
8
Let y be 2 + (-4)/6*3. Suppose y = 2*o + 6*j - 2*j - 32, -42 = -3*o - 3*j. Let z = 44 - o. What is the units digit of z?
2
Suppose -40*c = -33*c - 5803. What is the units digit of -7 - (-287)/42 - c/(-6)?
8
Let b = -16487 - -52746. What is the ten thousands digit of b?
3
Let v = 98 - 92. Suppose -4*z = 3*s + 2, -s + 0*s - v = -4*z. What is the units digit of ((-6)/(-4))/(690/(-348) - s)?
7
Suppose 2*q - 8 = -2*q. Suppose 0 = -54*h + 43*h + 33. Suppose -h*i - 2*d - d + 864 = 0, -576 = -q*i + 2*d. What is the tens digit of i?
8
Suppose -153 = 103*a - 112*a. Suppose -a*y + 4140 = y. What is the units digit of y?
0
Suppose -143*k + 119*k = -939408. What is the hundreds digit of k?
1
Let q(v) = -v**3 + 6*v**2 + 6*v + 10. Let f be q(7). Suppose 2*s - 2*m = s + 178, 3*s = f*m + 525. What is the hundreds digit of s?
1
Let u be 9/(-15)*1*-5. Suppose 3*g + 2 = -2*a - 1, -u*a = 2*g - 8. What is the units digit of a?
6
Let s = -47317 - -76949. What is the units digit of s?
2
Let g = 11726 + -2845. What is the units digit of g?
1
Let b(r) = 159*r + 6774. What is the units digit of b(8)?
6
Let n(v) = v**3 - 3*v**2 - v - 1. Let l be n(3). Let q = l + 14. Let u(p) = p**2 - 6*p + 1. What is the tens digit of u(q)?
4
Let b = 226 + 8073. What is the hundreds digit of b?
2
Let i(v) be the first derivative of -3*v**4/2 - 8*v**3/3 - 19*v**2/2 - 7*v - 59. What is the tens digit of i(-4)?
2
Suppose -543083 - 540125 = -23*x. What is the ten thousands digit of x?
4
Suppose 0 = 236*n - 35*n + 14*n - 7077155. What is the ten thousands digit of n?
3
Suppose -g = -25*l + 28*l - 27109, l - 9043 = g. What is the thousands digit of l?
9
Let q(f) = 38*f - 52*f + 26 - 6 + 19 + f**2. What is the tens digit of q(18)?
1
Suppose j + 2*y - 6923 = -0*y, -4*y = 4. What is the units digit of j?
5
Let i(b) = 9*b**3 - b**2 - 22*b - 10. Let a be i(12). Suppose 0 = 71*n - 48*n - a. What is the hundreds digit of n?
6
Suppose 4*n = 2*m - 168, 4*m - 3*n = -7*n + 276. Suppose 4*o - m - 1042 = 0. What is the units digit of o?
9
Let b = 626 - -2912. What is the hundreds digit of b?
5
Let l(p) = -p**3 - 13*p**2 - 2*p + 9. Suppose -2*v - 12 = -6*v. Suppose -2*i - i + 5*q - 29 = 0, -v*i + q = 37. What is the units digit of l(i)?
5
Let m = -399 + 574. Let y = m - 111. What is the tens digit of y?
6
Let k(a) be the first derivative of 2*a**3/3 - 5*a**2 - 87*a + 14. What is the tens digit of k(-6)?
4
Suppose 3*t + 586 = 571. What is the hundreds digit of 0 - -37*(t - -23)?
6
Let h = 190 - 141. Suppose -4*l - h = -69. Suppose -15 = -l*q - 5*r + 320, 356 = 5*q - 2*r. What is the tens digit of q?
7
Let n(f) be the second derivative of 139*f**4/6 - 2*f + 18. What is the tens digit of n(-1)?
7
Suppose 0 = w - 0*w + 5. Let v(g) = -2*g**3 + g**2 - 7*g - 13. Let n be v(w). Let f = n - 200. What is the tens digit of f?
9
Let j(u) = u**2 - 10*u + 21. Let h be j(7). Suppose h = 48*g - 50*g + 660. Suppose -5*l + 5*i + 100 = -g, 4*l - 342 = 2*i. What is the units digit o